99?
6
What is the ten thousands digit of 792732?
9
What is the units digit of 374419?
9
What is the units digit of 12481317?
7
What is the ten thousands digit of 3520915?
2
What is the units digit of 388162?
2
What is the thousands digit of 641813?
1
What is the units digit of 73536?
6
What is the hundred thousands digit of 225690?
2
What is the tens digit of 279474?
7
What is the hundreds digit of 6852791?
7
What is the thousands digit of 1913352?
3
What is the ten thousands digit of 121323?
2
What is the thousands digit of 4341049?
1
What is the thousands digit of 1218376?
8
What is the ten thousands digit of 214098?
1
What is the ten thousands digit of 363375?
6
What is the ten thousands digit of 1212633?
1
What is the thousands digit of 2102890?
2
What is the units digit of 1627705?
5
What is the units digit of 529408?
8
What is the thousands digit of 345690?
5
What is the thousands digit of 388458?
8
What is the hundreds digit of 205043?
0
What is the hundred thousands digit of 519713?
5
What is the hundreds digit of 282691?
6
What is the ten thousands digit of 221715?
2
What is the hundred thousands digit of 225387?
2
What is the ten millions digit of 10259621?
1
What is the thousands digit of 527625?
7
What is the thousands digit of 5491876?
1
What is the tens digit of 121132?
3
What is the ten thousands digit of 227099?
2
What is the tens digit of 218426?
2
What is the ten thousands digit of 41448?
4
What is the tens digit of 124135?
3
What is the hundred thousands digit of 12878814?
8
What is the ten thousands digit of 54555?
5
What is the tens digit of 1250183?
8
What is the units digit of 701403?
3
What is the millions digit of 17325675?
7
What is the hundred thousands digit of 954007?
9
What is the units digit of 16014122?
2
What is the thousands digit of 445129?
5
What is the thousands digit of 289433?
9
What is the thousands digit of 868302?
8
What is the tens digit of 52326?
2
What is the ten thousands digit of 10061602?
6
What is the thousands digit of 277517?
7
What is the thousands digit of 10489969?
9
What is the hundreds digit of 13649294?
2
What is the hundred thousands digit of 933758?
9
What is the hundreds digit of 3464178?
1
What is the hundreds digit of 13944597?
5
What is the units digit of 1274068?
8
What is the tens digit of 206164?
6
What is the hundreds digit of 1522178?
1
What is the tens digit of 2956301?
0
What is the units digit of 2287300?
0
What is the thousands digit of 4062498?
2
What is the hundreds digit of 1786908?
9
What is the hundreds digit of 758371?
3
What is the ten thousands digit of 1772825?
7
What is the hundreds digit of 1423281?
2
What is the millions digit of 3131354?
3
What is the tens digit of 854887?
8
What is the tens digit of 23365676?
7
What is the units digit of 2912836?
6
What is the thousands digit of 3750070?
0
What is the hundred thousands digit of 120966?
1
What is the ten thousands digit of 10964160?
6
What is the tens digit of 169881?
8
What is the tens digit of 187612?
1
What is the ten thousands digit of 32422288?
2
What is the hundred thousands digit of 131635?
1
What is the thousands digit of 166917?
6
What is the hundred thousands digit of 4277546?
2
What is the ten thousands digit of 9085883?
8
What is the millions digit of 6887041?
6
What is the ten thousands digit of 89963?
8
What is the millions digit of 24383662?
4
What is the hundreds digit of 353390?
3
What is the thousands digit of 257330?
7
What is the units digit of 113416?
6
What is the hundreds digit of 130446?
4
What is the hundreds digit of 209136?
1
What is the hundreds digit of 285607?
6
What is the hundreds digit of 1910232?
2
What is the hundreds digit of 12562162?
1
What is the millions digit of 7934180?
7
What is the tens digit of 4640576?
7
What is the ten thousands digit of 8016723?
1
What is the tens digit of 1718955?
5
What is the ten thousands digit of 176394?
7
What is the thousands digit of 1369356?
9
What is the hundred thousands digit of 7458414?
4
What is the ten millions digit of 12793149?
1
What is the thousands digit of 84862?
4
What is the hundreds digit of 45195?
1
What is the hundreds digit of 4756947?
9
What is the hundred thousands digit of 10407505?
4
What is the tens digit of 5193781?
8
What is the thousands digit of 115540?
5
What is the hundreds digit of 282040?
0
What is the thousands digit of 369460?
9
What is the thousands digit of 1849562?
9
What is the ten thousands digit of 238593?
3
What is the ten thousands digit of 5509995?
0
What is the tens digit of 229142?
4
What is the thousands digit of 2152591?
2
What is the tens digit of 881866?
6
What is the units digit of 48158?
8
What is the ten thousands digit of 339235?
3
What is the hundred thousands digit of 9381394?
3
What is the tens digit of 1315342?
4
What is the thousands digit of 485101?
5
What is the ten thousands digit of 156693?
5
What is the tens digit of 6368798?
9
What is the hundreds digit of 107694?
6
What is the ten thousands digit of 6619971?
1
What is the hundreds digit of 60712?
7
What is the hundreds digit of 782?
7
What is the hundred thousands digit of 1078997?
0
What is the ten thousands digit of 8157619?
5
What is the ten thousands digit of 1360180?
6
What is the hundreds digit of 5682596?
5
What is the thousands digit of 402216?
2
What is the thousands digit of 520700?
0
What is the hundreds digit of 4125502?
5
What is the tens digit of 3918071?
7
What is the ten thousands digit of 332148?
3
What is the hundreds digit of 73530?
5
What is the tens digit of 319013?
1
What is the hundreds digit of 8128?
1
What is the thousands digit of 1021657?
1
What is the thousands digit of 2100696?
0
What is the ten thousands digit of 1676823?
7
What is the millions digit of 8303979?
8
What is the ten thousands digit of 4352317?
5
What is the millions digit of 1560836?
1
What is the millions digit of 4689760?
4
What is the ten thousands digit of 5405227?
0
What is the ten thousands digit of 375070?
7
What is the units digit of 6922736?
6
What is the thousands digit of 7333853?
3
What is the units digit of 2977680?
0
What is the thousands digit of 339298?
9
What is the thousands digit of 2724741?
4
What is the ten thousands digit of 8171963?
7
What is the ten thousands digit of 32869663?
6
What is the hundreds digit of 27408?
4
What is the units digit of 727965?
5
What is the units digit of 370128?
8
What is the ten thousands digit of 548118?
4
What is the hundreds digit of 507972?
9
What is the ten millions digit of 24282152?
2
What is the units digit of 306732?
2
What is the hundred thousands digit of 981243?
9
What is the tens digit of 13186?
8
What is the tens digit of 12079231?
3
What is the ten thousands digit of 217738?
1
What is the millions digit of 8675817?
8
What is the ten thousands digit of 59428?
5
What is the thousands digit of 824270?
4
What is the thousands digit of 7205153?
5
What is the thousands digit of 902656?
2
What is the hundreds digit of 2052614?
6
What is the tens digit of 184413?
1
What is the units digit of 4602435?
5
What is the hundred thousands digit of 4719670?
7
What is the millions digit of 5314192?
5
What is the ten thousands digit of 640925?
4
What is the tens digit of 3478931?
3
What is the units digit of 467134?
4
What is the units digit of 156743?
3
What is the ten thousands digit of 8111168?
1
What is the hundreds digit of 20721?
7
What is the units digit of 3480649?
9
What is the ten thousands digit of 223922?
2
What is the thousands digit of 4136511?
6
What is the thousands digit of 318349?
8
What is the units digit of 216818?
8
What is the units digit of 34047?
7
What is the hundreds digit of 45421?
4
What is the tens digit of 10094315?
1
What is the millions digit of 1511930?
1
What is the units digit of 879855?
5
What is the hundreds digit of 388613?
6
What is the units digit of 293925?
5
What is the tens digit of 154912?
1
What is the tens digit of 5405356?
5
What is the ten thousands digit of 121509?
2
What is the units digit of 4682550?
0
What is the units digit of 118372?
2
What is the millions digit of 6587246?
6
What is the hundreds digit of 1954062?
0
What is the hundred thousands digit of 25375979?
3
What is the units digit of 172771?
1
What is the hundred tho